{"id":4819,"date":"2025-10-28T10:50:24","date_gmt":"2025-10-28T10:50:24","guid":{"rendered":"https:\/\/installateur-pompe-a-chaleur.fr\/?page_id=4819"},"modified":"2026-02-03T15:12:43","modified_gmt":"2026-02-03T15:12:43","slug":"accueil","status":"publish","type":"page","link":"https:\/\/installateur-pompe-a-chaleur.fr\/","title":{"rendered":"Accueil"},"content":{"rendered":"","protected":false},"excerpt":{"rendered":"","protected":false},"author":1,"featured_media":0,"parent":0,"menu_order":0,"comment_status":"closed","ping_status":"closed","template":"","meta":{"footnotes":""},"class_list":["post-4819","page","type-page","status-publish","hentry"],"yoast_head":"<!-- This site is optimized with the Yoast SEO plugin v27.4 - https:\/\/yoast.com\/product\/yoast-seo-wordpress\/ -->\n<title>Installateur pompe a chaleur - Accueil<\/title>\n<meta name=\"description\" content=\"Accueil | Quel est le co\u00fbt de l&#039;installation d&#039;une pompe \u00e0 chaleur ? | Quel artisan pour pompe \u00e0 chaleur | Entreprise pompe a chaleur | Installateur pompe \u00e0 chaleur\" \/>\n<meta name=\"robots\" content=\"index, follow, max-snippet:-1, max-image-preview:large, max-video-preview:-1\" \/>\n<link rel=\"canonical\" href=\"https:\/\/installateur-pompe-a-chaleur.fr\/\" \/>\n<meta property=\"og:locale\" content=\"fr_FR\" \/>\n<meta property=\"og:type\" content=\"article\" \/>\n<meta property=\"og:title\" content=\"Installateur pompe a chaleur - Accueil\" \/>\n<meta property=\"og:description\" content=\"Accueil | Quel est le co\u00fbt de l&#039;installation d&#039;une pompe \u00e0 chaleur ? | Quel artisan pour pompe \u00e0 chaleur | Entreprise pompe a chaleur | Installateur pompe \u00e0 chaleur\" \/>\n<meta property=\"og:url\" content=\"https:\/\/installateur-pompe-a-chaleur.fr\/\" \/>\n<meta property=\"og:site_name\" content=\"Installateur pompe \u00e0 chaleur\" \/>\n<meta property=\"article:modified_time\" content=\"2026-02-03T15:12:43+00:00\" \/>\n<meta name=\"twitter:card\" content=\"summary_large_image\" \/>\n<script type=\"application\/ld+json\" class=\"yoast-schema-graph\">{\"@context\":\"https:\\\/\\\/schema.org\",\"@graph\":[{\"@type\":\"Article\",\"@id\":\"https:\\\/\\\/installateur-pompe-a-chaleur.fr\\\/#article\",\"isPartOf\":{\"@id\":\"https:\\\/\\\/installateur-pompe-a-chaleur.fr\\\/\"},\"author\":{\"name\":\"Installation Pompe \u00e0 Chaleur\",\"@id\":\"https:\\\/\\\/installateur-pompe-a-chaleur.fr\\\/#\\\/schema\\\/person\\\/c6a1e52549746566ad58c71d140eaee9\"},\"headline\":\"Accueil\",\"datePublished\":\"2025-10-28T10:50:24+00:00\",\"dateModified\":\"2026-02-03T15:12:43+00:00\",\"mainEntityOfPage\":{\"@id\":\"https:\\\/\\\/installateur-pompe-a-chaleur.fr\\\/\"},\"wordCount\":1,\"publisher\":{\"@id\":\"https:\\\/\\\/installateur-pompe-a-chaleur.fr\\\/#organization\"},\"inLanguage\":\"fr-FR\"},{\"@type\":\"WebPage\",\"@id\":\"https:\\\/\\\/installateur-pompe-a-chaleur.fr\\\/\",\"url\":\"https:\\\/\\\/installateur-pompe-a-chaleur.fr\\\/\",\"name\":\"Installateur pompe a chaleur - Accueil\",\"isPartOf\":{\"@id\":\"https:\\\/\\\/installateur-pompe-a-chaleur.fr\\\/#website\"},\"datePublished\":\"2025-10-28T10:50:24+00:00\",\"dateModified\":\"2026-02-03T15:12:43+00:00\",\"description\":\"Accueil | Quel est le co\u00fbt de l'installation d'une pompe \u00e0 chaleur ? | Quel artisan pour pompe \u00e0 chaleur | Entreprise pompe a chaleur | Installateur pompe \u00e0 chaleur\",\"breadcrumb\":{\"@id\":\"https:\\\/\\\/installateur-pompe-a-chaleur.fr\\\/#breadcrumb\"},\"inLanguage\":\"fr-FR\",\"potentialAction\":[{\"@type\":\"ReadAction\",\"target\":[\"https:\\\/\\\/installateur-pompe-a-chaleur.fr\\\/\"]}]},{\"@type\":\"BreadcrumbList\",\"@id\":\"https:\\\/\\\/installateur-pompe-a-chaleur.fr\\\/#breadcrumb\",\"itemListElement\":[{\"@type\":\"ListItem\",\"position\":1,\"name\":\"Accueil\",\"item\":\"https:\\\/\\\/installateur-pompe-a-chaleur.fr\\\/\"},{\"@type\":\"ListItem\",\"position\":2,\"name\":\"Accueil\"}]},{\"@type\":\"WebSite\",\"@id\":\"https:\\\/\\\/installateur-pompe-a-chaleur.fr\\\/#website\",\"url\":\"https:\\\/\\\/installateur-pompe-a-chaleur.fr\\\/\",\"name\":\"Installateur pompe \u00e0 chaleur\",\"description\":\"\",\"publisher\":{\"@id\":\"https:\\\/\\\/installateur-pompe-a-chaleur.fr\\\/#organization\"},\"potentialAction\":[{\"@type\":\"SearchAction\",\"target\":{\"@type\":\"EntryPoint\",\"urlTemplate\":\"https:\\\/\\\/installateur-pompe-a-chaleur.fr\\\/?s={search_term_string}\"},\"query-input\":{\"@type\":\"PropertyValueSpecification\",\"valueRequired\":true,\"valueName\":\"search_term_string\"}}],\"inLanguage\":\"fr-FR\"},{\"@type\":\"Organization\",\"@id\":\"https:\\\/\\\/installateur-pompe-a-chaleur.fr\\\/#organization\",\"name\":\"Installateur pompe \u00e0 chaleur\",\"url\":\"https:\\\/\\\/installateur-pompe-a-chaleur.fr\\\/\",\"logo\":{\"@type\":\"ImageObject\",\"inLanguage\":\"fr-FR\",\"@id\":\"https:\\\/\\\/installateur-pompe-a-chaleur.fr\\\/#\\\/schema\\\/logo\\\/image\\\/\",\"url\":\"https:\\\/\\\/installateur-pompe-a-chaleur.fr\\\/wp-content\\\/uploads\\\/2022\\\/09\\\/installateur-pompe-a-chaleur-1-2.png\",\"contentUrl\":\"https:\\\/\\\/installateur-pompe-a-chaleur.fr\\\/wp-content\\\/uploads\\\/2022\\\/09\\\/installateur-pompe-a-chaleur-1-2.png\",\"width\":682,\"height\":566,\"caption\":\"Installateur pompe \u00e0 chaleur\"},\"image\":{\"@id\":\"https:\\\/\\\/installateur-pompe-a-chaleur.fr\\\/#\\\/schema\\\/logo\\\/image\\\/\"}},{\"@type\":\"Person\",\"@id\":\"https:\\\/\\\/installateur-pompe-a-chaleur.fr\\\/#\\\/schema\\\/person\\\/c6a1e52549746566ad58c71d140eaee9\",\"name\":\"Installation Pompe \u00e0 Chaleur\",\"image\":{\"@type\":\"ImageObject\",\"inLanguage\":\"fr-FR\",\"@id\":\"https:\\\/\\\/secure.gravatar.com\\\/avatar\\\/4b9d2083b23314dbdd6f9858d127f74b9a2b215dd2a68a39fa56b5ee2f3cd64f?s=96&d=mm&r=g\",\"url\":\"https:\\\/\\\/secure.gravatar.com\\\/avatar\\\/4b9d2083b23314dbdd6f9858d127f74b9a2b215dd2a68a39fa56b5ee2f3cd64f?s=96&d=mm&r=g\",\"contentUrl\":\"https:\\\/\\\/secure.gravatar.com\\\/avatar\\\/4b9d2083b23314dbdd6f9858d127f74b9a2b215dd2a68a39fa56b5ee2f3cd64f?s=96&d=mm&r=g\",\"caption\":\"Installation Pompe \u00e0 Chaleur\"},\"sameAs\":[\"https:\\\/\\\/installateur-pompe-a-chaleur.fr\"]}]}<\/script>\n<!-- \/ Yoast SEO plugin. -->","yoast_head_json":{"title":"Installateur pompe a chaleur - Accueil","description":"Accueil | Quel est le co\u00fbt de l'installation d'une pompe \u00e0 chaleur ? | Quel artisan pour pompe \u00e0 chaleur | Entreprise pompe a chaleur | Installateur pompe \u00e0 chaleur","robots":{"index":"index","follow":"follow","max-snippet":"max-snippet:-1","max-image-preview":"max-image-preview:large","max-video-preview":"max-video-preview:-1"},"canonical":"https:\/\/installateur-pompe-a-chaleur.fr\/","og_locale":"fr_FR","og_type":"article","og_title":"Installateur pompe a chaleur - Accueil","og_description":"Accueil | Quel est le co\u00fbt de l'installation d'une pompe \u00e0 chaleur ? | Quel artisan pour pompe \u00e0 chaleur | Entreprise pompe a chaleur | Installateur pompe \u00e0 chaleur","og_url":"https:\/\/installateur-pompe-a-chaleur.fr\/","og_site_name":"Installateur pompe \u00e0 chaleur","article_modified_time":"2026-02-03T15:12:43+00:00","twitter_card":"summary_large_image","schema":{"@context":"https:\/\/schema.org","@graph":[{"@type":"Article","@id":"https:\/\/installateur-pompe-a-chaleur.fr\/#article","isPartOf":{"@id":"https:\/\/installateur-pompe-a-chaleur.fr\/"},"author":{"name":"Installation Pompe \u00e0 Chaleur","@id":"https:\/\/installateur-pompe-a-chaleur.fr\/#\/schema\/person\/c6a1e52549746566ad58c71d140eaee9"},"headline":"Accueil","datePublished":"2025-10-28T10:50:24+00:00","dateModified":"2026-02-03T15:12:43+00:00","mainEntityOfPage":{"@id":"https:\/\/installateur-pompe-a-chaleur.fr\/"},"wordCount":1,"publisher":{"@id":"https:\/\/installateur-pompe-a-chaleur.fr\/#organization"},"inLanguage":"fr-FR"},{"@type":"WebPage","@id":"https:\/\/installateur-pompe-a-chaleur.fr\/","url":"https:\/\/installateur-pompe-a-chaleur.fr\/","name":"Installateur pompe a chaleur - Accueil","isPartOf":{"@id":"https:\/\/installateur-pompe-a-chaleur.fr\/#website"},"datePublished":"2025-10-28T10:50:24+00:00","dateModified":"2026-02-03T15:12:43+00:00","description":"Accueil | Quel est le co\u00fbt de l'installation d'une pompe \u00e0 chaleur ? | Quel artisan pour pompe \u00e0 chaleur | Entreprise pompe a chaleur | Installateur pompe \u00e0 chaleur","breadcrumb":{"@id":"https:\/\/installateur-pompe-a-chaleur.fr\/#breadcrumb"},"inLanguage":"fr-FR","potentialAction":[{"@type":"ReadAction","target":["https:\/\/installateur-pompe-a-chaleur.fr\/"]}]},{"@type":"BreadcrumbList","@id":"https:\/\/installateur-pompe-a-chaleur.fr\/#breadcrumb","itemListElement":[{"@type":"ListItem","position":1,"name":"Accueil","item":"https:\/\/installateur-pompe-a-chaleur.fr\/"},{"@type":"ListItem","position":2,"name":"Accueil"}]},{"@type":"WebSite","@id":"https:\/\/installateur-pompe-a-chaleur.fr\/#website","url":"https:\/\/installateur-pompe-a-chaleur.fr\/","name":"Installateur pompe \u00e0 chaleur","description":"","publisher":{"@id":"https:\/\/installateur-pompe-a-chaleur.fr\/#organization"},"potentialAction":[{"@type":"SearchAction","target":{"@type":"EntryPoint","urlTemplate":"https:\/\/installateur-pompe-a-chaleur.fr\/?s={search_term_string}"},"query-input":{"@type":"PropertyValueSpecification","valueRequired":true,"valueName":"search_term_string"}}],"inLanguage":"fr-FR"},{"@type":"Organization","@id":"https:\/\/installateur-pompe-a-chaleur.fr\/#organization","name":"Installateur pompe \u00e0 chaleur","url":"https:\/\/installateur-pompe-a-chaleur.fr\/","logo":{"@type":"ImageObject","inLanguage":"fr-FR","@id":"https:\/\/installateur-pompe-a-chaleur.fr\/#\/schema\/logo\/image\/","url":"https:\/\/installateur-pompe-a-chaleur.fr\/wp-content\/uploads\/2022\/09\/installateur-pompe-a-chaleur-1-2.png","contentUrl":"https:\/\/installateur-pompe-a-chaleur.fr\/wp-content\/uploads\/2022\/09\/installateur-pompe-a-chaleur-1-2.png","width":682,"height":566,"caption":"Installateur pompe \u00e0 chaleur"},"image":{"@id":"https:\/\/installateur-pompe-a-chaleur.fr\/#\/schema\/logo\/image\/"}},{"@type":"Person","@id":"https:\/\/installateur-pompe-a-chaleur.fr\/#\/schema\/person\/c6a1e52549746566ad58c71d140eaee9","name":"Installation Pompe \u00e0 Chaleur","image":{"@type":"ImageObject","inLanguage":"fr-FR","@id":"https:\/\/secure.gravatar.com\/avatar\/4b9d2083b23314dbdd6f9858d127f74b9a2b215dd2a68a39fa56b5ee2f3cd64f?s=96&d=mm&r=g","url":"https:\/\/secure.gravatar.com\/avatar\/4b9d2083b23314dbdd6f9858d127f74b9a2b215dd2a68a39fa56b5ee2f3cd64f?s=96&d=mm&r=g","contentUrl":"https:\/\/secure.gravatar.com\/avatar\/4b9d2083b23314dbdd6f9858d127f74b9a2b215dd2a68a39fa56b5ee2f3cd64f?s=96&d=mm&r=g","caption":"Installation Pompe \u00e0 Chaleur"},"sameAs":["https:\/\/installateur-pompe-a-chaleur.fr"]}]}},"_links":{"self":[{"href":"https:\/\/installateur-pompe-a-chaleur.fr\/index.php?rest_route=\/wp\/v2\/pages\/4819","targetHints":{"allow":["GET"]}}],"collection":[{"href":"https:\/\/installateur-pompe-a-chaleur.fr\/index.php?rest_route=\/wp\/v2\/pages"}],"about":[{"href":"https:\/\/installateur-pompe-a-chaleur.fr\/index.php?rest_route=\/wp\/v2\/types\/page"}],"author":[{"embeddable":true,"href":"https:\/\/installateur-pompe-a-chaleur.fr\/index.php?rest_route=\/wp\/v2\/users\/1"}],"replies":[{"embeddable":true,"href":"https:\/\/installateur-pompe-a-chaleur.fr\/index.php?rest_route=%2Fwp%2Fv2%2Fcomments&post=4819"}],"version-history":[{"count":1,"href":"https:\/\/installateur-pompe-a-chaleur.fr\/index.php?rest_route=\/wp\/v2\/pages\/4819\/revisions"}],"predecessor-version":[{"id":4822,"href":"https:\/\/installateur-pompe-a-chaleur.fr\/index.php?rest_route=\/wp\/v2\/pages\/4819\/revisions\/4822"}],"wp:attachment":[{"href":"https:\/\/installateur-pompe-a-chaleur.fr\/index.php?rest_route=%2Fwp%2Fv2%2Fmedia&parent=4819"}],"curies":[{"name":"wp","href":"https:\/\/api.w.org\/{rel}","templated":true}]}}